2 - 128) + 140 - (1 + -13).
46
Calculate -525 + 516 - (2 + 1) - -24.
12
5 + -1 - (-153 + 86 + 96)
-25
Evaluate 360 + -362 + (-1 - -3) - -33.
33
Calculate 9 + (-38 - (143 - 64)).
-108
-77 - (-9 - (13 - (14 - (15 - (-1 + 14)))))
-67
10 + (0 - 4) + (32 - 40) + (1 - 7)
-8
What is 8 - 1 - ((-2 - 26) + 24 + 5)?
6
Evaluate 7 - (9 + 1 + (-8 - 4) + 12).
-3
Evaluate 11 - (-14 + -18 + 8 + 25).
10
What is the value of -33 + 1 + (-43 - (-10 - 43) - 10)?
-32
What is 50 + (14 - 1) + 8 + -14?
57
Calculate 10 - (-8 + (1 + -6 + 10 - 5)).
18
What is 47 + -2 + 7 + (30 - (35 - 16))?
63
(-22 - 1) + (91 - (156 + -37))
-51
What is the value of -76 + (-11 - 4 - -61)?
-30
Evaluate (-15 - -14) + -53 - -12.
-42
What is -16 - (12 - 7 - 9) - (-44 + 2 + 3)?
27
411 + -402 - ((-3 - -2 - -4) + 17)
-11
Calculate -44 - (8 - (-7 - 1 - -15) - 1).
-44
What is (7 + 0 - -3) + (-16 - (18 - 35 - -10))?
1
Calculate -37 + 37 + 70 - 6.
64
Evaluate 308 + -268 - (-4 + 59).
-15
(-2 - -46) + (-469 - -457)
32
-63 + 74 + (-96 - -8) + 8 + 8
-61
What is the value of (40 - -60) + -99 - 38?
-37
Calculate (0 - 1) + (-91 - -112) + -2 + -29 - -46.
35
1 + -3 + (2 + -4 - (107 + -94 - 13))
-4
Evaluate 7 + 18 + (8 - 28) + 16 - 11.
10
Evaluate -15 + (141 - (-80 - -157)).
49
What is (64 - 44) + -111 + -1 + 26?
-66
What is 56 - (-18 - 3 - -37)?
40
What is (43 - 37) + (2 - 14 - 0) + -46?
-52
What is (10 - (9 - (19 + -8))) + 4 - (11 + 8)?
-3
What is the value of -48 + (19 - (84 + -51))?
-62
Evaluate (-69 - 41) + 109 + 0 + 10.
9
(285 + -259 - ((-9 - -12) + -2 + -1)) + -4
22
What is -80 + (-117 - -48) + 172?
23
Calculate 52 + (0 - -1) + (20 - (4 - -29)).
40
Evaluate (-2 - 14 - (10 + -6 + -11)) + 45 + 2.
38
What is -76 + (6 - 15) + (6 - 8)?
-87
What is -4 + (-64 + 36 - -13) + -18?
-37
Evaluate -2 - -1 - 7 - (-3039 - -3031) - -39.
39
37 - (-19 + (-6 - (-26 - -19)) - -11)
44
What is the value of 18 + (-26 - 8) + 9 - -125?
118
-4 + (15 - (-60 - -35))
36
Evaluate 13 + -1 + 0 + 15 + (23 + 0 - 17).
33
7 + (-12 - (5 + -9 + -16) - (4 - 1))
12
-30 - ((-27 - 65) + 40)
22
What is -38 + 16 - (-22 + 20) - -84?
64
Evaluate -115 - 8 - (593 - 835).
119
What is the value of -20 - (-50 + (-9 - -4) + -23)?
58
What is 59 - -1 - (-31 + 22 - 32 - -22)?
79
-54 - 6 - (-15 + 22 - 14 - -25)
-78
What is the value of 14 + -39 + (-9 - -89)?
55
What is the value of -114 + 64 - 43 - -13?
-80
Calculate 4 - (6 - 18) - 1 - 70.
-55
Evaluate -3 - -5 - (0 + -1) - (-39 + 48 - 19).
13
Calculate -3 + 3 + 55 + (53 - (30 - -26)).
52
What is (4 - (26 - (-6 + 30))) + (-2 - -3 - 24)?
-21
Evaluate -16 - ((3 + 21 - 5) + -19).
-16
What is -7 - -15 - ((-13 - -7 - -3) + -5 + -2)?
18
What is the value of (23 - -44) + -35 + -8?
24
Evaluate 0 + -8 - (-2232 + 2154).
70
What is -15 - ((-21 - -16) + -71)?
61
What is the value of -16 - (-6 + -16) - (-12 + 12 - 69)?
75
Evaluate -329 - -234 - (-27 - 14).
-54
What is 19 + 2 + (-2 - 17) + -20?
-18
Calculate (-44 - (-72 + 47)) + -1 + 2.
-18
Calculate -77 + (49 - -25 - (49 + -20)).
-32
What is the value of 26 + 4 + -9 + 0 + (9 - 8) + 9?
31
Calculate (10 - 21 - -3) + 7 + 20.
19
What is (9 - 4) + -14 + (2 - -1) + (51 - 59)?
-14
(24 - (25 + 51)) + -6 + -5
-63
141 + (-155 - -70) - -77
133
Calculate -3 + (-27 - (-4 + 5)).
-31
What is the value of (1 + -1 + -38 - (2 + 0)) + 32062 + -32064?
-42
What is the value of 3 + (4 - (-14 + 98 + -2) - -18)?
-57
What is 41 - -7 - (-73 - -38)?
83
What is the value of -37 + -127 + 137 + (-17 - -3)?
-41
Evaluate 7209 + -7150 + (2 - 84).
-23
(18 - -49) + -2 + 0 - (-1 + 13)
53
Evaluate 108 - (228 + -145 - -38).
-13
62 + (12 - 34) + (-108 - -198)
130
Evaluate -7 + 4 + -15 + (-73 - (-160 - -71)).
-2
What is 16 + 0 - (867 - 730)?
-121
What is the value of (-7 - -2) + -212 + 238?
21
Evaluate 54 - (0 - (-22 - -19 - -27)).
78
What is the value of (-12 - -24) + 1 + -1 - 28 - (-4 - 0)?
-12
Calculate (3 - 15) + (2 + -1 - (-387 + 414)).
-38
-7351 + 7130 + (156 - 0)
-65
What is 2136 + -2149 - (24 + (3 - 3))?
-37
Evaluate 183 + -136 + (-83 - -5).
-31
What is the value of 2 + -32 + (28 - ((38 - 14) + -10))?
-16
What is the value of -11 + 37 + -7 - (-3 - 32)?
54
(4498 - 4501) + (1 - -1)
-1
Evaluate 111 - (78 + -122 - -153).
2
Evaluate 32 - (45 + (-34 - -41)).
-20
What is the value of -31 - ((242 - 255) + (1 - (-1 - 9)))?
-29
Evaluate (5 - (1 + -4)) + (-97 - -96) + 31.
38
Evaluate (-8 - -4 - -1) + (64 + -25 - 45).
-9
Evaluate (-4 - -32) + (-4 - 17) + 3 + -48.
-38
What is (10 - 0) + (60 - 21 - -5 - (1 - -2))?
51
Calculate 85 - (-30 + 53 + 120).
-58
What is the value of 8 + (-33 - -35) - (-1 + (-7 - -2))?
16
Calculate (-9 + 3 - (4 - 5)) + (10 - (5 + -39)).
39
What is -305 - -256 - (4 - (11 - -8))?
-34
What is -77 + (90 - (80 + -20))?
-47
7 - (-23 - (-22 + 4) - (11 + -1))
22
Evaluate -25 + (-5 - -11 - 12) + -7.
-38
Calculate -35 - ((-11 - (8 - (-6 - -15))) + 7 + -8).
-24
21 + (-17 - -39) - (1 + 5) - 8
29
Evaluate -59 + 4 + -3 + 0 + (-32 - (1 + -23)).
-68
What is -5 + (53 - 5) + (-65 - -58)?
36
14 + 34 + -34 + -20 + 0
-6
What is 18 + -113 + 190 + -3 + 1 + -9?
84
What is the value of (0 - 7) + 17 + -3 + 6 + (14 - -8)?
35
What is -18 + (5 - 11) + -1 + 5?
-20
Evaluate -1 - (-7 + -8) - (21 + -19 + 8).
4
Calculate (106 - 96) + (2 - (3 - (2 + 1))).
12
Evaluate 35 - 81 - -31 - 15 - -23.
-7
What is 0 - -2 - (-56 - -104 - (6 + -2 - -13))?
-29
Evaluate -53 + 101 + -64 + 12.
-4
Calculate (-14 - -26 - ((20 - 10) + 5)) + 71 + -6.
62
What is the value of -69 + (-3 - -62) + (-65 - (-2 - 2))?
-71
(40 - 10) + (4 + 5 - (-14 - -17)) - 2
34
(7 - (9 + 1 - (0 - -10))) + (-20 - 22)
-35
Calculate (20 + -42 - 14) + -3 + -3 + 3.
-39
What is the value of 33 + (-5 - (-2 + 2)) + -22 + 29?
35
What is the value of (3 - 2) + 14 + -3 + -17 + 3 + 10?
8
What is the value of (3 - 0) + (222 + -263 - (0 + 37))?
-75
Evaluate 72 + (156 + -268 - 13).
-53
21 - ((13 - (42 + -16)) + -19)
53
What is (-4 + 62 - -2) + (-7 + -4 + 26 - 18)?
57
What is 0 + -7 - ((-5 - (22 + -37)) + 3 + -20)?
0
What is the value of -1 + (4 - 1) - (17 + 17 + (56 - 24))?
-64
Calculate 1 + 0 + (-13 - (15 + 1 + -18 + -1)).
-9
What is 25 + (-16 + -64 + 62 - (-2 - (2 - -1)))?
12
Calculate -78 - 0 - ((-34 - 99) + 98).
-43
What is the value of -993 + 1065 - (-34 - (-1 - -1))?
106
(31 - (-10 + (9 - 2))) + -5 + 7
36
11 - (40 - (86 - -30))
87
What is the value of (-38 - ((-27 - -30) + -37)) + 28?
24
What is (-34 - (47 - -2)) + 44?
-39
-14 - (86 + -144) - -41
85
What is the value of (-9 + -6 - (-7 - -1 - (-2 + 2))) + 7?
-2
What is 10 - (5 - 4) - ((25 + -4 - 10) + -22)?
20
What is the value of 72 + (-4 - ((11 - 11) + (-10 - -10)))?
68
What is the value of (-3 + 3 + -24 - (-177 + 143)) + -139?
-129
Evaluate 14 + 6 + 9 + -42 + 44.
31
What is the value of -5 + (-16 - (-60 - -20)) + -17?
2
What is the value of 79 - ((-43 - -135) + -53)?
40
Calculate -17 - 1 - (-362 - -328).
16
Evaluate 23 + -1 - (-2 - -1 - (6 + 22)).
51
(-3 - 3 - 0) + (-14 - (-15 - 32))
27
Calculate 860 + -823 + 0 + 20 + -7.
50
Calculate 22 - (30 + 3 - 18).
7
What is 39 + -62 + 30 + -37 + 1 + (2 - -1)?
-26
What is the value of -27 + -1 + -686 + 709 - -30?
25
What is (8 - (20 - 16)) + -13 + 14 + -17?
-12
Evaluate 2 - ((71 - 99) + (2 - -15)).
13
Evaluate 24 - -25 - 33 - -10.
26
Calculate 14 - ((2 - -54) + (24 + 12 - 49)).
-29
Evaluate (-17 - (-16 + -17)) + -7 - 0.
9
Evaluate (4 - (18 + 28 + -26)) + (0 - -4) - 2.
-14
What is -106 + 67 - ((-5 - 8) + 84)?
-110
75 - ((-3 - 1) + (-22 + -26 - -60))
67
Evaluate (44 + 15 - 22) + -58.
-21
What is the value of -74 - (-121 + 68 + 58)?
-79
What is -32 - ((-1 - -24) + -25 + -10 + 29)?
-49
Calculate -83 - (-18 + 33) - (-48 + 44).
-94
What is the value of 16 + -16 + (35 - 11) - 12 - 92?
-80
Calculate 18 + -5 + 3 - (35 - -11).
-30
What is -6 + 11 + (6 - 17) + -1 - -41?
34
Evaluate 15 - (-31 - 8) - 76.
-22
Evaluate (2 - -4) + 3 + 3 + 88 + -13 - 1.
86
Evaluate 114 + -111 + -3 + 9 + 2 + 18.
29
What is (11 - (78 + -15)) + 34?
-18
What is -1 + 6 + -63 + 79 + (0 - 53)?
-32
-1 - (6 - -4 - 39)
28
What is (-19 + -4 - -4) + -6 + -5?
-30
What is the value of 81 - (1 + (20 + -6 - (-20 - -37)))?
83
What is the value of (37 - (25 + -42)) + -58?
-4
-10 - ((-1 - -23) + 30) - -22
-40
Calculate -43 + 22 - 23 - -1.
-43
Evaluate -303 + 285 + (26 - 7).
1
65 - 9 - (10 + 23) - 23
0
What is 0 + -17 + (67 - (-3 + 15 - 2